 of 8033 and 3?
1
Calculate the highest common factor of 36862 and 672.
14
Calculate the highest common factor of 176944 and 432.
16
Calculate the highest common factor of 20252 and 996.
332
Calculate the highest common divisor of 6 and 22926.
6
What is the greatest common factor of 64 and 832?
64
What is the highest common factor of 87 and 1660801?
29
What is the greatest common factor of 2503803 and 276?
69
Calculate the greatest common factor of 54404 and 3216.
268
Calculate the greatest common factor of 42 and 15435042.
42
What is the greatest common divisor of 51504 and 48840?
888
What is the greatest common divisor of 6113642 and 34?
34
Calculate the highest common factor of 7163 and 18850.
377
What is the greatest common divisor of 1026 and 1211706?
1026
Calculate the greatest common divisor of 319 and 606419.
319
Calculate the greatest common factor of 940968 and 7.
7
Calculate the greatest common factor of 8 and 747064.
8
Calculate the greatest common divisor of 3242487 and 53.
53
Calculate the greatest common factor of 8 and 70756.
4
What is the highest common factor of 616 and 2200?
88
Calculate the highest common factor of 144 and 5742.
18
What is the greatest common factor of 4500 and 22932?
36
What is the greatest common factor of 10912 and 572?
44
What is the highest common factor of 20 and 29060?
20
What is the greatest common factor of 6125 and 59780?
245
Calculate the greatest common divisor of 11815 and 417.
139
Calculate the greatest common divisor of 105 and 33558.
21
What is the highest common factor of 296 and 68728?
8
Calculate the greatest common divisor of 676718 and 7.
7
What is the greatest common divisor of 105 and 6515?
5
What is the greatest common divisor of 4521 and 52608?
411
Calculate the greatest common factor of 1728 and 4736.
64
What is the highest common divisor of 12255 and 6450?
645
Calculate the highest common divisor of 1230 and 283146.
246
What is the highest common factor of 83559 and 966?
483
Calculate the highest common factor of 747250 and 10.
10
What is the highest common divisor of 1064 and 110432?
56
Calculate the highest common divisor of 320 and 4064800.
160
Calculate the highest common factor of 335 and 38659.
67
Calculate the highest common factor of 40205 and 946.
473
Calculate the highest common divisor of 176 and 1444.
4
Calculate the highest common divisor of 1936 and 178.
2
Calculate the greatest common factor of 94429 and 89.
89
What is the highest common factor of 1692 and 293112?
36
Calculate the greatest common divisor of 16928 and 2668.
92
What is the greatest common divisor of 80195 and 43?
43
What is the greatest common factor of 6272 and 21?
7
Calculate the highest common divisor of 450 and 23670.
90
Calculate the highest common factor of 79164 and 432.
108
What is the highest common factor of 231240 and 5904?
984
What is the greatest common factor of 357 and 2135?
7
Calculate the highest common factor of 3403 and 369.
41
What is the greatest common divisor of 950790 and 820?
410
What is the highest common divisor of 14 and 20650?
14
Calculate the greatest common factor of 79557 and 69.
69
What is the highest common factor of 168 and 60543?
21
Calculate the highest common factor of 136 and 19016.
8
What is the greatest common divisor of 136 and 255544?
136
What is the greatest common factor of 6189729 and 49?
49
What is the greatest common factor of 328503 and 147?
21
What is the greatest common factor of 1454 and 242?
2
What is the highest common divisor of 62015 and 4345?
395
What is the highest common factor of 36951 and 1635?
327
Calculate the greatest common factor of 3704 and 156957.
463
What is the greatest common divisor of 648849 and 28331?
691
Calculate the greatest common divisor of 351 and 975.
39
Calculate the greatest common factor of 173 and 2.
1
Calculate the greatest common factor of 816479 and 222.
37
Calculate the highest common divisor of 1612 and 520.
52
Calculate the highest common factor of 67268 and 603.
67
What is the greatest common divisor of 248 and 52544?
8
What is the greatest common factor of 789 and 769801?
263
What is the highest common divisor of 17468 and 3993?
11
What is the highest common divisor of 5380 and 40?
20
Calculate the greatest common divisor of 1052589 and 204.
51
What is the highest common factor of 512 and 62208?
256
Calculate the greatest common divisor of 470 and 51982.
94
Calculate the highest common divisor of 226898 and 1064.
266
What is the greatest common divisor of 847 and 3883?
11
What is the highest common divisor of 25757 and 16297?
43
What is the highest common factor of 7 and 4529252?
7
Calculate the highest common divisor of 6184 and 32.
8
Calculate the highest common factor of 116752 and 304.
16
What is the greatest common factor of 43846 and 33?
11
What is the greatest common divisor of 91383 and 734?
367
What is the highest common divisor of 90 and 383040?
90
What is the highest common divisor of 30196 and 8?
4
What is the greatest common factor of 9916 and 4288?
268
Calculate the greatest common factor of 468 and 496392.
156
What is the greatest common divisor of 293490 and 36?
18
What is the greatest common factor of 6941493 and 13?
13
What is the greatest common factor of 44986 and 1494?
166
Calculate the greatest common factor of 224 and 37282.
14
What is the greatest common divisor of 700 and 3444?
28
What is the greatest common divisor of 156174 and 66?
6
Calculate the highest common divisor of 9394 and 308.
154
Calculate the greatest common factor of 66 and 43791.
33
What is the greatest common factor of 10946286 and 26?
26
Calculate the highest common divisor of 90627 and 561.
51
Calculate the greatest common factor of 42 and 107448.
6
Calculate the highest common factor of 33553 and 1093365.
1157
What is the highest common factor of 4233 and 3111?
51
What is the highest common divisor of 21691 and 2189?
199
Calculate the greatest common divisor of 6 and 245070.
6
What is the greatest common factor of 20571 and 67?
1
What is the highest common factor of 9870 and 4620?
210
What is the highest common factor of 325700 and 200?
100
Calculate the highest common factor of 35 and 1953.
7
Calculate the highest common divisor of 17177 and 89.
89
Calculate the greatest common divisor of 245349 and 234.
117
What is the highest common divisor of 5376 and 62208?
768
Calculate the highest common factor of 35126 and 9100.
182
What is the highest common divisor of 37091 and 87?
29
What is the highest common divisor of 37956 and 24?
12
What is the greatest common divisor of 66120 and 354?
6
Calculate the greatest common divisor of 148424 and 16.
8
What is the highest common factor of 86779 and 12144?
253
What is the greatest common factor of 206927 and 206?
103
What is the greatest common divisor of 61125 and 11750?
125
What is the highest common factor of 4398 and 4730782?
1466
What is the highest common factor of 189994 and 70?
14
Calculate the highest common factor of 612 and 5066.
34
What is the greatest common factor of 13024 and 2627?
37
What is the highest common divisor of 511840 and 320?
160
What is the greatest common factor of 384 and 1152?
384
Calculate the highest common divisor of 759 and 3333.
33
Calculate the greatest common divisor of 285 and 72903.
57
Calculate the highest common divisor of 27224 and 18592.
664
Calculate the greatest common divisor of 210596 and 544.
68
Calculate the greatest common factor of 21 and 5226.
3
Calculate the highest common factor of 645 and 41565.
15
Calculate the greatest common divisor of 1360 and 620.
20
Calculate the highest common divisor of 1236180 and 253.
11
What is the highest common divisor of 77024 and 8816?
464
What is the highest common factor of 47239 and 2425?
97
Calculate the highest common factor of 37 and 310319.
37
Calculate the highest common divisor of 242 and 64306.
22
Calculate the highest common divisor of 15360 and 87360.
960
Calculate the highest common factor of 5080 and 7880.
40
What is the highest common divisor of 28 and 32156?
4
Calculate the greatest common divisor of 5310 and 1170.
90
What is the greatest common divisor of 74 and 334110?
74
What is the highest common factor of 3250 and 3770?
130
Calculate the greatest common factor of 